 - m. List the prime factors of z.
2, 3
Let z = 41 + 11. What are the prime factors of z?
2, 13
Let c(z) = z**2 + 13*z + 3. What are the prime factors of c(-17)?
71
Let o be 25*-1 - (-2 - -5). Let c be o/(-20) - 6/15. What are the prime factors of (-21)/(-6) + c/2?
2
Let y be ((-2)/5)/(3/30). Let n(z) = -6*z - 2. What are the prime factors of n(y)?
2, 11
Suppose 0 = -3*p + 10 + 77. List the prime factors of p.
29
Suppose -5*h - 4*w + 0*w = -89, 15 = h - 2*w. List the prime factors of h.
17
Let z = 201 - 62. List the prime factors of z.
139
Suppose 4*q = -q + 315. Suppose 2*v + 0*v = -90. Let y = v + q. List the prime factors of y.
2, 3
Let i(j) = -j**3 - 7*j**2 - 2*j - 13. What are the prime factors of i(-9)?
167
Suppose 5*i - 53 = -j, -2*j - 3*j = 5*i - 245. What are the prime factors of j?
2, 3
Let f be ((-30)/4)/((-2)/20). Suppose -f = -3*x - 0*x. What are the prime factors of x?
5
Suppose -2*f - 4*s + 2 = 0, -2*f = -2*s + 3*s - 5. What are the prime factors of f?
3
Let d(j) = 6*j**2 + j. Let r be d(-1). Suppose -3*c + 4*x + 5 = -4*c, -c - 10 = r*x. What are the prime factors of (-40)/(-6) - (-5)/c?
7
List the prime factors of (-163 + 18)*1*-1.
5, 29
What are the prime factors of (-1 + 150/2)*1/2?
37
Let a(k) = k. Let l be a(0). Suppose l = -x + 5, -10 = -5*u + 2*u - 2*x. Suppose u = -3*m - i + 4, -3*m = 2*i + i. List the prime factors of m.
2
Suppose -29 = 2*c + 3*o - 81, 4*o = 2*c - 66. What are the prime factors of c?
29
Let n(w) = 3*w**2 + 7*w - 7. List the prime factors of n(-8).
3, 43
List the prime factors of (-3 + 1)/((-28)/322).
23
Let r(u) = 5*u**2 + 11*u - 14. Let p(o) = 6*o**2 + 11*o - 15. Let v(h) = 6*p(h) - 7*r(h). Let s be v(10). What are the prime factors of (0 + (-11)/2)*s?
11
Suppose 3*w - 151 = -2*g, -w = g - 17 - 32. What are the prime factors of w?
53
List the prime factors of (-6)/(-14) + 2880/140.
3, 7
Suppose 0 = -2*d - 4*n + 294, 3*d + 2*n - 6*n = 481. List the prime factors of d.
5, 31
Suppose 3*p = -3*i + 48, -3*i - 1 + 39 = 5*p. What are the prime factors of (i/5)/(6/30)?
3, 7
Let p = 935 + -607. What are the prime factors of p?
2, 41
Let x(f) be the third derivative of f**4/4 + f**3/3 - 3*f**2. Let l be x(2). Let n = -3 + l. List the prime factors of n.
11
Let x = 3 - 4. Let f be (-3 + 1)/(x/4). Let n = f - 6. List the prime factors of n.
2
Let i(d) = d**3 + 10*d**2 + 5*d - 7. List the prime factors of i(-9).
29
Suppose -4*q = 2*x + 30, -4*q + 0*x - 37 = -5*x. Let h(j) = -5*j + 6. Let u be h(4). Let w = q - u. What are the prime factors of w?
2, 3
List the prime factors of 2 - (-28 - (-1 - 2)).
3
Let h = -29 - -57. List the prime factors of h.
2, 7
Suppose 17*d - 96 = 13*d. List the prime factors of d.
2, 3
Suppose -4*g + 6 - 22 = 0. Let p = -2 - g. What are the prime factors of p?
2
Suppose j + 3*v = 10, -3*j + 4*j + 6 = 5*v. What are the prime factors of j?
2
Suppose -4*n + 2 = -2. Let j = -2 - -1. List the prime factors of j - 1 - (n + -13).
2, 5
Suppose -3*h = -f, 2*h + 10 = -2*f + 6*h. Let q = f - -24. What are the prime factors of q?
3
Let t = -118 + 179. List the prime factors of t.
61
Let u be 116/14 + (-4)/14. List the prime factors of (u/(-12))/(2/(-57)).
19
Let p = -5 + 5. Suppose -w = 5*t - 83, 3*w = -4*t - p*w + 73. What are the prime factors of t?
2
Let m = -13 - -63. What are the prime factors of m?
2, 5
Suppose 3*q - 5*c = -565, q - 4*q - 4*c - 601 = 0. List the prime factors of (-1)/4 - q/12.
2
Suppose -5*a = -2*q - 1068, 2*q + 228 = 4*a - 628. List the prime factors of a.
2, 53
Suppose 0 = 5*a + 3*s - 926, a - 4*s = -s + 196. What are the prime factors of a?
11, 17
Let z = 38 + 10. List the prime factors of z.
2, 3
Suppose 2*a - 2*t = 96 + 48, -t + 5 = 0. What are the prime factors of a?
7, 11
Let m(z) = 17*z**2 - z. Let a = 8 + -9. List the prime factors of m(a).
2, 3
Suppose 12 = 2*g - 6. Let z(x) = x**2 - 8*x + 7. List the prime factors of z(g).
2
Let v(g) = g**3 - 10*g**2 + 8*g + 12. Let s be v(9). What are the prime factors of (4/(-3))/((-2)/s)?
2
Let z(p) = p**3 + p**2 + 18. Suppose 32 = 2*k + 5*n, 0 = -k - 0*k - n + 13. Suppose k*g - 8*g = 0. List the prime factors of z(g).
2, 3
Suppose -d = o - 3 + 4, 4*o + 11 = 3*d. What are the prime factors of (-6)/(-2) + (2 - d)?
2
List the prime factors of 20/(-35) + (-632)/(-28).
2, 11
Suppose 27 = 5*t + g, -5*t = -5*g - 49 + 4. List the prime factors of t.
2, 3
Suppose 0 = 5*r + 4*t - 102 - 126, -5*r - 5*t + 230 = 0. List the prime factors of r.
2, 11
Suppose -5*d = -3*y + 31, 5*d - 12 = -37. Suppose -75 = -y*n + 29. What are the prime factors of n?
2, 13
Let w(j) = j**2 + j + 2. Let r be w(-2). Let t(k) = 3*k**2 - 6*k + 6. Let y be t(4). Suppose 3*x = -r*s + y + 21, 3*x - 27 = -2*s. List the prime factors of s.
2, 3
Suppose 0*d = 3*d + 192. Let t be (6/(-4))/(6/d). Suppose 3*q = -4 + t. List the prime factors of q.
2
Let t be (1/(-2))/((-1)/(-6)). Let w(f) = -5*f - 6. Let n(c) = -6*c - 7. Let d(a) = -2*n(a) + 3*w(a). What are the prime factors of d(t)?
5
Suppose 30 = -5*j - 0*j. Let b = 6 + j. Suppose -2*t + t + 8 = b. What are the prime factors of t?
2
Let n(y) be the first derivative of 3*y**2 + 1. Let i = 3 + -2. What are the prime factors of n(i)?
2, 3
Suppose 4*v + 385 = 3*h, -3*v = -3*h - v + 395. List the prime factors of h.
3, 5
Suppose 0 = -84*i + 87*i - 441. What are the prime factors of i?
3, 7
What are the prime factors of -3*(-4 - 28/3)?
2, 5
Let p(n) = -n**3 - 7*n**2 + 10*n - 9. Let l be p(-9). Let k = -35 + l. What are the prime factors of k?
2, 7
Suppose -587 = -4*v - 99. What are the prime factors of v?
2, 61
Let v(b) = -2*b - 10. Let s be v(-8). Suppose 2*l + 12 = s*l. Suppose -5*r - 4*m + 47 = 0, -2*r + 26 = -l*m + m. What are the prime factors of r?
11
Let o(f) = -3 - f**3 - 7*f + 6*f**2 + 2*f + 0*f**3. Let j(v) = -v + 1. Let k be j(-3). What are the prime factors of o(k)?
3
Let z = 2 - 0. Suppose 3*l - 12 = -a - 0*l, z*a - 14 = -4*l. Let j(r) = -r**2 - 4*r - 1. List the prime factors of j(a).
2
Let r = 367 + -139. List the prime factors of r.
2, 3, 19
Let m(l) = 5*l**3 + 3*l**2 - 3*l - 4. List the prime factors of m(2).
2, 3, 7
Let h be 3 + -2 - (119 - 1). Let g be (h/6)/((-2)/4). Suppose -4*i + g = o, -4*i = -5*o - 0*o - 45. List the prime factors of i.
2, 5
Suppose 4*k + 80 = 5*q, 2*q = 6*q - 2*k - 58. Suppose -q = -2*i + 24. List the prime factors of i.
2, 3
Let p = 6 + -5. Let i = p - -18. List the prime factors of i.
19
Suppose -4*g + 188 = -0*g. List the prime factors of g.
47
Let y be (-2)/((-1)/(-3) - 1). Suppose 2*m + 4 = 0, 0*x - 5*m = -y*x - 26. Let s = -4 - x. What are the prime factors of s?
2
Suppose -c + 5*c = -2*u + 24, u = 0. Let l(o) = o + 1. List the prime factors of l(c).
7
Suppose -y - 5*w - 27 = 0, -2*y + 23 = -y - 5*w. Let x = y + 7. Suppose s + 5*q - 34 = 0, 0*s - 2*s - x*q = -43. What are the prime factors of s?
3
Suppose 5*n - 91 = -3*i, -2*n + 0*i + 5*i + 55 = 0. List the prime factors of n.
2, 5
Suppose -3*i = 3*n - 24, 4*i + 3*n = 2*i + 19. Suppose -i = -x + 18. List the prime factors of x.
23
Let z be ((2 - 2) + -2)*-1. Suppose -z*p + 0*p + 24 = 0. Suppose h - p = -0*h. What are the prime factors of h?
2, 3
Let r(z) = 6*z**2 - 3*z - 2. List the prime factors of r(-1).
7
Suppose 0 = -2*d - 658 - 310. List the prime factors of d/(-14) + (-3)/(-7).
5, 7
Suppose 0 = -0*o - 4*o + 100. Suppose 0 = -2*m + 3*h - 3 + o, m - 3*h - 17 = 0. Suppose l = 5*g - 43, -55 = -m*g - 6*l + l. List the prime factors of g.
3
Suppose 16 - 68 = -4*p. Let h = 0 + p. What are the prime factors of h?
13
Suppose 0 = -2*b - 0*b - 2*i + 62, -2*b + 62 = i. What are the prime factors of b?
31
Suppose o - 4 + 0 = 0. Let b(f) = 13*f**3 - f**2 + 3 + o*f - 4 - 3*f. What are the prime factors of b(1)?
2, 3
Let k(t) = 5 - 3 - 3 + 8*t. Let i(z) = z**3 - 5*z**2 + 1. Let f be i(5). List the prime factors of k(f).
7
Let r(p) = -14*p - 2. Let q be r(-2). Suppose q = 3*h - 19. What are the prime factors of h?
3, 5
Let a(k) = k + 13. Let t(s) = 3*s**2 - 3*s. Let l be t(2). Suppose -l*d + 3*d = 0. List the prime factors of a(d).
13
Suppose -z = -5, -2*v - 157 = -4*v - 5*z. What are the prime factors of v?
2, 3, 11
Let d = -15 + 27. What are the prime factors of d?
2, 3
Let v = 32 - -16. Suppose -4*q + 28 = -v. What are the prime factors